2*t + 711 = 0, 4*k + 4*t - 434 = 130. What are the prime factors of k?
11, 13
Let l(c) = -c - 3. Let x be l(-7). Suppose -4*f = -x*h - 84, -2*h + 64 = 3*f - 6*h. What are the prime factors of f?
2, 5
Suppose -4*x - 75 = -9*x. Suppose 5 = 5*v - x. What are the prime factors of v?
2
What are the prime factors of 19*1*(3 - 1)?
2, 19
Let w = -11 - -22. Let m = w + -1. List the prime factors of m.
2, 5
Suppose -5*d = -d + 10*d. Suppose 5*b = -4*x + 123 - 1, -4*b + 94 = 2*x. Suppose -5*v = 4*p - b, d = -4*v + p + 12 + 14. What are the prime factors of v?
2, 3
Let v be (-3)/18 + 83/(-6). Let g = v + -10. What are the prime factors of (1/2)/((-2)/g)?
2, 3
Let s = -42 + 78. List the prime factors of s.
2, 3
Let v(y) = 2 + 3*y - 4 + 3 - 2. Let j be v(1). Suppose -2*m = j*r - 14, 2*m = -4*r + r + 19. What are the prime factors of r?
5
Let r be -33*(0 + 24/(-9)). Let k = -55 + r. What are the prime factors of k?
3, 11
Suppose -4*h + 112 = 4*p, 0*h - 6 = 3*h. Let j = 54 - p. What are the prime factors of j?
2, 3
Let b be (-165)/(-9) - (-2)/3. Let t = 1 + b. What are the prime factors of t/6*(-12)/(-5)?
2
Let h = -32 - -111. Let c = h + -46. List the prime factors of c.
3, 11
Let g(n) = n**3 - 9*n**2 - 9*n - 7. Let w be g(10). Suppose -w*q - 2*q + 245 = 0. What are the prime factors of q?
7
Suppose p - 13 = -3*a + 10, 2*p + 34 = 4*a. Let j(g) = 0*g - 3 + g + 4. What are the prime factors of j(a)?
3
Suppose 5*j = 14 + 11. Suppose -5*p + 46 = -v - 31, -j*p + 2*v + 79 = 0. What are the prime factors of p?
3, 5
Suppose -909 = -5*k - 4*k. What are the prime factors of k?
101
Let p be -2 - 1/((-3)/(-6)). Let a(w) = w**2 + 4*w + 4. Let z be a(p). Suppose z*m = 24 + 8. List the prime factors of m.
2
Suppose 0 = -4*q + 4*w - 8, -4*w + 8 + 0 = 3*q. Let j = q - -10. List the prime factors of (-104)/(-10) + (-4)/j.
2, 5
Suppose -444 = 8*r - 11*r. Suppose 9*x = 5*x + r. List the prime factors of x.
37
Let s(z) = -z + 14. Let l be s(7). What are the prime factors of l/(-14) + 21/2?
2, 5
Let a = 34 - 22. List the prime factors of a.
2, 3
Let w(m) = m**2 + 5*m. Let q be w(-5). List the prime factors of (-2)/(-6)*q - -18.
2, 3
Let o = 25 - -6. Suppose -o = -5*c + 4*i, -2*c = -c - 5*i - 2. List the prime factors of c.
7
Let g = -166 - -235. List the prime factors of g.
3, 23
Let j = 11 + -11. Suppose j = 5*h - 3*u - 2*u, h - 4 = -u. Suppose h = -r + 6. List the prime factors of r.
2
Suppose -z - 4*v = -51, -2*z + z - v + 63 = 0. Suppose -2*x = 3*g - z, -2*x + 3*x - g - 36 = 0. What are the prime factors of (4/(-14))/((-5)/x)?
2
List the prime factors of -4 + 20 - (-6 - -3).
19
Suppose -3*s - 3*s = -270. List the prime factors of s.
3, 5
Let o(m) = 18*m - 6. Let b(h) = 17*h - 7. Let r(n) = 5*b(n) - 6*o(n). List the prime factors of r(-1).
2, 3
Suppose -5*h + 42 = 2*z, 3*z - 43 = -3*h + 20. List the prime factors of z.
3, 7
Let l(a) be the first derivative of -a**2/2 - 7*a + 2. Let v be l(-7). Suppose -2*k - 3*k + 4*i = -42, v = 3*k + i - 32. What are the prime factors of k?
2, 5
Let c = 326 + -138. What are the prime factors of c?
2, 47
Suppose 3*k = 4*u + 10, -k + 5*u + 7 = -0. Suppose 2 = y - k*y. Let p(s) = 4*s**2 + s - 2. List the prime factors of p(y).
2, 3
Let u = 0 + -22. Let i(h) = h + 31. Let w be i(0). Let j = u + w. List the prime factors of j.
3
Suppose -5*u - 4*r = -147, r - 130 = -4*u + 4*r. What are the prime factors of u?
31
Let a(o) be the second derivative of -o**3/6 - o**2/2 - o. Let b be a(-4). Suppose 6*t = b*t + 18. List the prime factors of t.
2, 3
Let p = 43 - 28. List the prime factors of p.
3, 5
Let s be (-12)/15*(-15)/6. Suppose -2*n + 3*t - 2 = 1, s*n = -2*t + 22. List the prime factors of n.
2, 3
Suppose -3*u - 66 = -0. Let g = 55 + u. List the prime factors of g.
3, 11
Suppose 3*a - 7*a + 480 = 0. Let w = a + -78. List the prime factors of w.
2, 3, 7
Let w(v) = -v**3 + v**2 + v + 40. List the prime factors of w(0).
2, 5
Let t = 21 - 13. Suppose 2*i = t + 18. Let q = i - 6. List the prime factors of q.
7
Suppose -4*z + z + 9 = 0. What are the prime factors of z?
3
Suppose -4*b + 5*b = 0. What are the prime factors of 0/2 - (b + -17)?
17
Let w = -11 + 11. Suppose t + w*t - 10 = 0. What are the prime factors of t?
2, 5
Let p = 81 - 48. List the prime factors of p.
3, 11
Suppose -5*l - 5 = 0, -l = u - 10 - 3. List the prime factors of u.
2, 7
Suppose -12*k + 50 = -10*k. List the prime factors of k.
5
Suppose n = 3 + 1. Suppose -3*x + 70 = 3*i + 1, -2*x - 80 = -n*i. List the prime factors of i.
3, 7
List the prime factors of 4/6*(1005/6 - -2).
113
Let t(k) = k**2 - 13*k. What are the prime factors of t(19)?
2, 3, 19
Suppose 29 = -5*a - 2*f, 4*f = 4*a + 13 + 27. Let k be (-32 - (-4)/(-2))/(-2). Let b = a + k. What are the prime factors of b?
2, 5
Suppose 3*o + 3 = 4*o. Suppose -3*q + o = -4*q. What are the prime factors of (0 + -1 + q)*-4?
2
Let n(h) = 2*h**2 + 7*h + 6. What are the prime factors of n(-6)?
2, 3
Let i(z) = 20*z**2 + 3. What are the prime factors of i(2)?
83
Let t(a) = -a**2 - 9*a + 5. Let r be t(-8). Suppose c + j - r = 0, -3*c + 4*j + 20 = -47. What are the prime factors of c?
17
Suppose 0 = -6*l + 2*l. Suppose -4*v - 24 = -l. Let j(p) = -p**3 - 7*p**2 - 7*p + 3. What are the prime factors of j(v)?
3
Suppose 0 = u - 4*l - 58, -3*l = 3*u - 95 - 4. List the prime factors of u.
2, 19
What are the prime factors of (5/(-15))/(2/(-222))?
37
Suppose 0 = 4*r - 6*r + 16. Let i be (-4)/6 - 32/(-12). Suppose -i*p + r = -8. List the prime factors of p.
2
Let m(w) = 16*w - 7. List the prime factors of m(3).
41
Let o = -6 + 11. Suppose o*m + 6*r - 112 = 4*r, 4*r + 16 = 0. Suppose 2*b + m = 5*b. What are the prime factors of b?
2
Let l be (-69)/(-2) - 6/4. Suppose 61 + l = 2*h. List the prime factors of h.
47
Suppose 4*y = z - 3, 3*y - 3 = -0*z - z. Let t be 3 - (y - (7 + -3)). Suppose t*w = 2*w + 40. List the prime factors of w.
2
Suppose -4*m = -r - 22, 14 = -2*r - 6*m + 4*m. Let l = r + 18. What are the prime factors of l?
2
Let u = -9 - -18. Suppose 2*t + 8 = 4*k, 0*t = t - 3*k + 8. Let l = u - t. What are the prime factors of l?
5
Suppose -i = -2*s + 270, 2*i + 407 = 4*s - s. What are the prime factors of s?
7, 19
Suppose 0 = -4*i + 4*m - 15 - 29, -2*i + m = 19. Let g = -147 - -261. List the prime factors of (i/(-12))/(4/g).
19
Let d = -3 - -5. Let b be 2/1 + (-2 - -21). Let h = b - d. What are the prime factors of h?
19
Suppose -4*j + r = -76, -r + 19 = j - 0*r. List the prime factors of j.
19
Let u(p) = -7*p + 1. What are the prime factors of u(-1)?
2
Let y = 11 + -7. Suppose 56 = 8*v - y*v. What are the prime factors of v?
2, 7
Suppose -5*c + 240 = -5*m, c + m + 150 = 4*c. What are the prime factors of c?
3, 17
Let v = -3 - -47. What are the prime factors of v?
2, 11
Let d(x) = x**3 + 5*x**2 + 4*x + 2. Let s be d(-4). Suppose 6*q = s*q + 24. Suppose -14 - q = -2*b. What are the prime factors of b?
2, 5
Let i(d) = d + 1. Let v(j) = 5*j - 8. Let f(o) = 4*i(o) - v(o). Let s be f(9). Suppose s*m = 0, -2*a + m = -7*a + 15. What are the prime factors of a?
3
Suppose 4*c - 9 = 3. Let j be -2 - (c/3 - 6). Suppose 3*d - 1 = i + 3*i, 4*i - 17 = -j*d. List the prime factors of i.
2
Let t be (-54)/(-4)*(-32)/(-12). Suppose l - 5*w = -0*l, -t = -3*l + 3*w. List the prime factors of l.
3, 5
Let n(a) = -9*a + 1. Let r be n(-4). Suppose 6*b = b + 4*o + r, 4*o + 28 = 4*b. List the prime factors of b.
3
Suppose -2*f - 2*f + 24 = 3*i, 2*f - 5*i = -14. Suppose f*q - 168 = -0*q. What are the prime factors of (-2 + 1)/((-4)/q)?
2, 7
Let m = 38 + 8. What are the prime factors of m?
2, 23
Suppose 7*k = 2*k - 15. List the prime factors of 1/(1 + k/6).
2
Let c = 6 + -4. Suppose -c*f = -0*d - 5*d - 21, -f + 7 = d. List the prime factors of f.
2
Let l(f) = -3*f**3 - 2*f**2 + 2*f + 3. Let j be l(-2). Suppose -5*b + 4*b + 9 = 2*k, 5*k - 15 = -b. Suppose j = y + k*y. What are the prime factors of y?
5
Suppose -2*k + 5 = -k. List the prime factors of (3/k)/(2/30).
3
Suppose -3*y + 286 + 140 = 0. Let q be y/10 + 2/(-10). List the prime factors of (-12)/(-18) + q/6.
3
Suppose 2*f = -k - 12, -2*f + 5*f - k + 18 = 0. List the prime factors of f/4*3*-2.
3
Let r be 20 - 0*1/(-2). Suppose -4*a + r = 0, -3*a = b + 2*a - 28. Suppose -b*k = -7*k + 12. List the prime factors of k